+ (1 - 4).
-1
Evaluate -10 - -2 - (-4 + -5).
1
3 + (2 + -2 - 2) - -4
5
Calculate -2 + 4 + -4 + 6 - -1.
5
Evaluate 10 - ((14 - 5) + 1).
0
Evaluate -1 - (2 - -1) - (2 + -1).
-5
What is the value of 3 + 0 - 19 - -10?
-6
What is the value of 2 + 0 + 6 + (7 - 9)?
6
Evaluate 1 - (6 - 0) - -5 - -1.
1
Calculate 7 + 2 + (0 - 5).
4
1 + -9 - (-1 - 2)
-5
What is the value of 3 + (4 - (15 + -4)) + 4?
0
7 + 7 - 4 - 3
7
What is -6 + (5 + -6 - -2 - -1)?
-4
Calculate -3 + (-2 - (-5 + -4)) - -1.
5
Evaluate -4 - (1 + -2) - (-1 + -7).
5
What is 14 - (15 + -7) - 10?
-4
What is -5 + 1 + 8 + -4?
0
Evaluate 1 - (0 - -2) - 3.
-4
What is the value of 0 + 0 + -4 + 4 + 2?
2
(-9 - (-2 + -11)) + 4
8
Calculate -2 + 1 + 29 + -26.
2
What is 2 - 0 - (-2 - -1)?
3
Evaluate -5 + 3 + (-1 - (-5 + 2)).
0
-1 - 2 - (11 + -6 + -10)
2
What is the value of 3 + 2 - (0 - (-5 - -6))?
6
5 + (-1 - -1) + -54 + 54
5
Calculate 5 - (-3 + 10) - 3.
-5
6 - 1 - (-4 + (5 - 1))
5
Calculate -5 + 1 - -3 - -1.
0
Evaluate 0 + 4 - (28 - 19).
-5
Calculate (6 + -4 - 5) + 1 + 4.
2
Evaluate (6 - (3 - -6)) + (-1 - 1).
-5
Evaluate -4 + 2 + 4 + 0.
2
Calculate -3 - ((-2 - -4) + 1 + -2).
-4
What is -2 - 4 - (-38 + 27)?
5
What is (0 - -1) + 7 + 5 + -5?
8
Evaluate 25 + -29 - (1 - 4) - 2.
-3
1 - ((2 - 0) + -1) - 1
-1
What is the value of 4 + 1 - (11 - 2 - 0)?
-4
What is the value of -7 + -7 + 16 - 2?
0
Evaluate (-31 + 13 - -12) + 2.
-4
Evaluate -7 + -2 - -3 - -4.
-2
Evaluate -14 + (1 - (10 + -15)).
-8
Evaluate 1 + 3 + -2 + 3.
5
What is the value of (-4 - ((-4 - 0) + 1)) + 2?
1
What is the value of (5 - 11) + (6 - 1)?
-1
What is the value of -4 - (-5 + 3 + 2) - -6?
2
What is the value of 3 - (-12 + 11 - -4)?
0
Calculate (12 - (-7 + 16)) + -1.
2
Evaluate 3 + -1 - (5 - 0).
-3
0 + (9 - 10) - 5
-6
What is -3 - ((-3 + -1 - -1) + 2)?
-2
What is the value of (0 - -7 - 1) + -3?
3
What is the value of 0 - (-2 + 7 + -1 - 3)?
-1
Calculate (-5 - -5) + 0 - -6.
6
-3 - (-7 + 6 + -5)
3
Evaluate 1 + -7 - (10 + -21 - -4).
1
8 + -4 + -3 + (5 - 2)
4
Evaluate (-2 - -1) + -4 + -4 + 10.
1
What is the value of 3 - (0 + 10 + -6 + -1)?
0
What is 0 + -3 + (-3 - (-6 + -3))?
3
What is the value of -13 + 24 + 0 + -18?
-7
10 - (-9 - -19 - 5)
5
Calculate (10 - 2) + -4 + -2 - -1.
3
Calculate 0 - (-5 - -18 - 3 - 4).
-6
Calculate (-9 - (-4 - -6 - 3)) + 2.
-6
Evaluate (-2 - (-3 + 0)) + (-7 - 0).
-6
(-1 - 7) + (-6 - -11)
-3
What is the value of 3 + 3 + -3 + -6?
-3
What is 1 + 6 + 3 + 4 + -17?
-3
-6 - 1 - (1 - 10)
2
Evaluate (3 - (8 + -11)) + -9 - -5.
2
What is the value of 0 - (-1 - (-8 + 2 - -3))?
-2
12 + -11 + -1 + 1 + 2
3
What is the value of 3 + -4 + 0 - (-5 - -2)?
2
Evaluate 6 + (-11 - -5) - 1.
-1
What is the value of (-1 + 0 - -4) + -2 + 1?
2
What is -8 + 2 + -38 + 49?
5
Calculate 5 + -5 + (0 - -2).
2
What is -10 - ((2 - 11) + 1)?
-2
What is -3 + (2 - 0) + -3 - 0?
-4
Evaluate -2 + 6 + (0 + -3 - 0).
1
What is -1 - 4 - (1 + -2)?
-4
What is (13 - 4) + -9 - -4?
4
What is the value of -8 - 6 - -10 - -14?
10
Evaluate -1 + 1 + -3 - 4.
-7
Evaluate 3 - ((-2 - (-7 + 3)) + -2).
3
-3 + -1 + 0 + -1
-5
Calculate -1 + 3 + 0 + 3.
5
Evaluate -5 - -19 - (3 + 5).
6
(-2 - -1) + -5 + -1 + 1
-6
What is the value of -71 - -76 - (10 + -1)?
-4
5 - (-3 - (-7 + 4))
5
What is the value of 1 + (6 - 6) + -2?
-1
Evaluate 16 - 20 - (0 + -5).
1
-4 + -2 + 2 + 6
2
What is 1 - 5 - -2 - 2?
-4
What is the value of 18 + -16 + -1 - (1 + -7)?
7
What is the value of 7 + (-3 - (6 + (-7 - -15)))?
-10
11 - (7 + 2 + -6)
8
What is the value of -3 - (-5 - (2 - 10 - -5))?
-1
What is the value of 8 - ((5 - 11) + 10)?
4
What is the value of -2 + -8 + 15 + -8 + 0?
-3
What is 0 - 0 - ((-3 - -2) + 3)?
-2
Calculate 9 + (-5 - (8 + 2)).
-6
(13 - (4 - -2) - -8) + -9
6
What is -3 + 1 + (67 - 66)?
-1
Evaluate -4 + 1 - (-10 + 9).
-2
Evaluate 0 + 9 - (1 + 2).
6
What is (-4 + 4 - -1) + -4?
-3
Calculate 1 + (-2 - (4 - 8)) - -1.
4
Evaluate (79 - 80) + -1 + 0 + 1.
-1
Evaluate -1 + 9 + -18 + 14 + -6.
-2
What is (26 - 40) + (0 - -1 - -5)?
-8
Calculate -2 + 2 + 0 + 1 + -5.
-4
(-2 - -5) + (-12 - (-15 + 4))
2
What is -11 + 15 + -8 + 2?
-2
What is the value of (-7 - -5) + 4 + -1?
1
Evaluate -9 - (-8 + -4 - -5).
-2
14 - 3 - (7 - 1)
5
What is 1 - (0 + (-1 - -6))?
-4
-7 - ((-10 - -11) + -12)
4
(3 - 5 - -1) + 2 + -4
-3
What is the value of 7 - 0 - (9 + 0)?
-2
-2 + -2 - (-1 + -1 - -1)
-3
Calculate -14 + (16 - (-5 + -1)).
8
What is 22 + -20 - (14 - 2)?
-10
Calculate (5 + -5 - -10) + -5.
5
(1 - 0) + 1 - (2 - 6)
6
What is -3 + 6 + 17 + -12?
8
Calculate (-3 - (-4 - 4)) + (-6 - -3).
2
Calculate -5 - (-9 - -2 - 6).
8
(-6 - (-8 - -1)) + 3
4
(-1 - -4) + (8 + -17 - -5)
-1
What is the value of 2 + (-1 - 10 - -6)?
-3
Calculate (1 - -3) + 3 + 0 + -4.
3
What is the value of -1 + 6 - 5 - 3?
-3
What is 3 - (0 - (-5 + 0))?
-2
Evaluate (-1 - (-6 + 4 - -1)) + 0.
0
What is the value of 11 - (13 + -8) - 2?
4
What is -2 + 4 + -3 + 5?
4
Calculate (14 - (12 - 9)) + -19.
-8
(1 + -1 - (-35 + 33)) + 8
10
11 - (-9 + (22 - 4))
2
0 + 1 - (4 - 0) - -7
4
2 + (4 + 1 - (-21 - -23))
5
2 - 1 - (19 + -13) - -12
7
What is the value of -13 + -10 + 11 + 14?
2
Calculate 9 + -4 + -3 - (2 + -1).
1
Calculate 8 + -14 + 9 + 1.
4
Evaluate 12 + -3 + -2 + -1 + 3.
9
What is (-16 - 2) + 4 + 6?
-8
2 - (-2 + 1) - (-1 + 7)
-3
0 + 3 - (2 - 0 - 0)
1
Calculate 2 - -2 - ((5 - 1) + -5).
5
What is the value of 0 + 3 + (-25 - -21)?
-1
What is the value of 2 + -5 + -1 - (4 + -3)?
-5
-4 - (3 + -1 - 7)
1
1 + 1 - (-1 + 1 + 0)
2
What is -5 - (2 + -6 + -1)?
0
What is the value of (2 - 1) + 3 + 5 + -7?
2
Calculate -4 + 2 - (27 + -13 + -16).
0
Evaluate (-3 - -5) + 0 - 3.
-1
-1 + (-4 - -1) - -1 - 0
-3
What is the value of (-5 - -5) + 1 - (-9 + 6)?
4
Calculate 3 + 0 + -3 + 1 + -2.
-1
Calculate 13 + (-74 + 67 - (-2 - -1)).
7
What is -4 - 4 - -6 - (-4 + 0)?
2
-3 - (-6 - (5 + -2 + -1))
5
2 - (3 - (-10 + (1 - -5)))
-5
-6 + 3 + 7 + -4
0
What is -11 + 0 + 5 + 6 + -3?
-3
6 - ((-5 - -2) + 10) - -2
1
Calculate -8 - -4 - (-2 - 1).
-1
0 - (1 + 2 + 0)
-3
What is the value of 2 + -2 + -1 + (-32 - -32)?
-1
What is the value of -4 + 2 + -5 + 7?
0
Calculate 1 - 0 - (0 - 3 - -1).
3
2 + 0 - (-1 + 1)
2
Calculate 16 + 3 - (25 - 14).
8
-2 - (-2 + (7 - 12))
5
(7 - (-3 + 4)) + 28 + -40
-6
Evaluate 7 - -2 - (15 - 3).
-3
Calculate (-2 - -2) + (5 - 4).
1
Calculate (-1 - 1) + -2 + (0 - -2).
-2
-1 - 1 - (-10 + 3 + 7)
-2
Evaluate 8 + (-4 - -3 - 2) + 0.
5
Evaluate 0 + 0 - (-36 + 10 + 23).
3
What is the value of 2 + 9 + -21 + 4?
-6
Calculate -12 + (-12 - (9 + -39)).
6
What is the value of 5 + -2 + -1 + -3?
-1
What is the value of 5 - 6 - (1 - (3 + -1))?
0
(-5 - -5) + (-4 - -7)
3
Calculate 4 + -1 - (-2 - (3 - 5)).
3
Calculate 2 + (4 + -6 - (5 + -12)).
7
Calculate -9 + (-4 - -2) + 6.
-5
Calculate -4 - (-6 - -1) - 6.
-5
Evaluate 3 + (-3 - 1) + 6 + -4.
1
What is (-4 - 5 - -22) + -7?
6
What is 1 + -11 + (-4 - -10) + 1?
-3
Evaluate -9 + -1 + -3 + 2 - -3.
-8
What is the value of 1 - (-3 - (-12 - -4))?
-4
(1 - 0) + (36 - 39)
-2
Calculate 12 - (17 - 15 - (-4 - 0)).
6
1 - (-3 - (8 - 5))
7
What is 0 + 5 + 1 - (-1 + 5)?
2
Evaluate -4 - (2 + -1 + -1 + -1).
-3
Calculate -2 + (1 + 1 - (7 - 2)).
-5
12 - -2 - (-24 - -30)
8
Evaluate (-2 - (-11 + 9)) + 9.
9
What is -19 + -4 + (4 - -4) + 6?
-9
Evaluate 6 + (3 - (8 - (-2 - -9))).
8
What is 5 + 6 + -11 + 1?
1
What is -2 + 6 + -2 + (-13 - -12)?
1
What is (1 - 1) + (-1 - -5)?
4
Evaluate 0 + (-4 - -9) - (13 + -4).
-4
Calculate -2 - (-4 + 8 - 2).
-4
Calculate -4 - (1 - -1 - 6).
0
Evaluate 8 + (49 + -59 - (4 + -1)).
-5
What is 10 + (18 - 13) + -10?
5
What is the value of -3 - (6 - (-1 + 5))?
-5
Calculate -2 + (1 - -1) - (-26 + 25).
1
Evaluate (5 - 1) + 3 + -4 - 2.
1
What is the value of (5 - -2) + (-1 - 3)?
3
11 - (-8 - (3 + -22))
0
Calculate -9 + 24 + (-10 - -2).
7
What is 33 + -26 + (0 - 6)?
1
Calculate 2 + 4 + -1 + -7.
-2
What is the value of (4 + -6 - 0) + 1?
-1
What is (-6 - -12 - 10) + 4 - 6?
-6
What is -23 + 24 + (-3 + 1 - -6)?
5
Evaluate (3 - 5) + -8 + 9.
-1
-5 - (-24 - -15 - 2)
6
Calculate (-12 - -2) + (8 - 4).
-6
Calculate -1 - (9 - (1 - -5)).
-4
1 - -3 - ((2 - 2) + 4)
0
-2 + -4 - -13 - 7
0
What is -3 + (9 - (-9 - -4)) + -6?
5
Calculate 4 + -5 + (-3 - (-2 - 0)).
-2
What is the value of -6 + 0 + 5 - -2?
1
What is the value of 6 + 3 + -5 + (-7 - 1)?
-4
0 + -11 + (6 + -17 - -15)
-7
4 + (1 